. What are the prime factors of c(y)?
5
Let o = 6 - 4. List the prime factors of o.
2
Let k(n) = 2*n**2 - 2*n - 1. Let f(v) = -v + 1. Let y be f(-2). What are the prime factors of k(y)?
11
Let c(s) = -9*s**2 + 13*s**2 - 4*s + 3 + s**3 + 4. Let z be c(-5). Suppose 2*q - q - 11 = 3*i, 0 = z*q - 4*i - 20. What are the prime factors of q?
2
Let b(t) = -t**3 + 4*t**2 - 4*t + 2. Let p(a) = a + 8. Let o be p(-6). Let c be b(o). Suppose c*y - 20 = -3*y. What are the prime factors of y?
2
Let b be -2 + 1 + (-167)/1. What are the prime factors of 3/(-2)*b/18?
2, 7
Let x = -25 - -13. Let p be 1 - 1 - (x + 2). Let h = p + -3. List the prime factors of h.
7
Let m = 18 + -8. Let g = 16 - m. Suppose 0*x - 2*c = 4*x - 52, -4*c + g = x. List the prime factors of x.
2, 7
List the prime factors of -1 + 1 + 32 + 2.
2, 17
Suppose 4*f = -f. Suppose p - 8 + 3 = f. Let i = -1 + p. What are the prime factors of i?
2
Let k(x) be the second derivative of x**3/6 + 5*x**2/2 + 2*x. What are the prime factors of k(0)?
5
Let h(w) = -w**3 - w + 60. What are the prime factors of h(0)?
2, 3, 5
Let w(b) be the second derivative of b**5/20 + 2*b**4/3 + b**3 - b**2 - 8*b. Suppose 0 = 2*q - 6*q - 28. What are the prime factors of w(q)?
5
Let d = 18 + 25. What are the prime factors of d?
43
Suppose 5*x - 3*h - 115 = -0*x, 5*h = 3*x - 53. Let o = 0 + x. What are the prime factors of o?
2, 13
Let c(i) = -i**2 - 7*i - 6. Let j be c(-5). Let m(d) = 2*d - 2. Let o be m(2). Suppose -o*y + j + 8 = 0. List the prime factors of y.
2, 3
Suppose -5*o - 1290 = -5*q, 0*o - 5*o - 780 = -3*q. List the prime factors of q.
3, 5, 17
Suppose 0 = -5*b + 363 - 123. Suppose -b = -0*l - 4*l. List the prime factors of l.
2, 3
Suppose -5*f = -5, 10 = 3*i + 2*f + 2*f. Suppose -i*z = -4*k + 12, -5 = -k + z - 3. Suppose k*l - 41 = -5. What are the prime factors of l?
3
Let o = -4 - 1. Let g be 6/14 - 264/28. Let d = o - g. What are the prime factors of d?
2
Suppose -2*d = -7*d + 205. What are the prime factors of d?
41
Let v = 43 + -29. Suppose -m - 2*m + 6 = 0. Suppose 4*g - m*g = v. List the prime factors of g.
7
Suppose -3*q - k + 28 = 0, 0 = -0*q + 2*q + k - 17. Suppose w - q = -5*u + 11, 4*u - 68 = -5*w. List the prime factors of 56/6 + 8/w.
2, 5
Let h(q) = -57*q + 11. What are the prime factors of h(-3)?
2, 7, 13
Suppose 133 = j - 7. What are the prime factors of j?
2, 5, 7
What are the prime factors of (-77 - 2)/(-5 + 1 + 3)?
79
Suppose 0*r = 3*r - 18. Let f = -23 + 32. Let i = f - r. List the prime factors of i.
3
Let b = -70 - -131. What are the prime factors of b?
61
Let x(o) = -2*o**3 - 23*o**2 - 2*o + 6. List the prime factors of x(-12).
2, 3, 29
Let w(q) = -q**3 + 4*q**2 + q - 2. Let z be w(4). List the prime factors of (z/(-6))/(3/(-171)).
19
Let j(i) = -16*i**3 - i**2 - 3*i - 2. List the prime factors of j(-1).
2
Suppose 3*d + z + 0*z = 354, 5*d - 5*z = 590. What are the prime factors of d?
2, 59
Let u be (-8)/6 - (-4)/(-6). List the prime factors of 2/(-2*u/24).
2, 3
Suppose 0 = -3*s + q + 8, -3*s + q + 5 = -s. Suppose -6 = -s*p + 15. What are the prime factors of p?
7
Let n be 2/(-6) + 7/3. Suppose -n*y + 5*c = 2*c - 37, 3*c + 51 = 3*y. What are the prime factors of y?
2, 7
Let w(j) = j + 4 + 3 + 1. Let h be w(-7). What are the prime factors of -2 + 3 - -4*h?
5
Let p = 17 - 12. Suppose 0 = 4*k - 45 + p. List the prime factors of k.
2, 5
Let v(k) = -k + 9. Suppose -3*t + 1 = -4*t + 4*j, 3*t = -5*j + 31. List the prime factors of v(t).
2
Suppose 5*t = 5*p + 295, -3*p = -5*t - 0*p + 303. List the prime factors of t.
3, 7
Let m be (-2 + 0)/((-3)/6). Let f = 0 + -1. Let o = m + f. What are the prime factors of o?
3
Suppose -v = 2*b - 1 - 1, -3*b = -2*v - 3. List the prime factors of (0 - -14) + 2 - b.
3, 5
Let d(y) be the first derivative of y**3/3 - 2*y**2 + 1. Let s be d(5). Suppose 0*q + 65 = s*q. What are the prime factors of q?
13
What are the prime factors of (4 + -16)*((-69)/4)/3?
3, 23
Suppose -2*a + 3*v - 1 = 0, -12 - 13 = -4*a - 3*v. Suppose 0 = a*h + 6 - 14. List the prime factors of h.
2
Let g(p) = -2*p**3 - 4*p**2 - 3*p + 1. List the prime factors of g(-3).
2, 7
Suppose -119 = -w - 34. Suppose 0*p + w = 5*p. List the prime factors of p.
17
Let y(m) = -2*m + 5*m - 2*m + 2 + 0*m. Suppose 0 = -4*z + t - 5*t + 32, 17 = 4*z - t. What are the prime factors of y(z)?
7
Suppose 2*o = 7*o. Suppose o*g - 4*r = 3*g - 1, 3*g + 3*r - 3 = 0. List the prime factors of g.
3
Let h(j) = j**3 - 2*j**2 - j - 1. Let p be h(2). Let z be (-2)/(-2) + (-105)/p. Suppose -5*s = -s - z. What are the prime factors of s?
3
Let a(h) = h**2 + 3*h. Let b be a(-4). Let k(j) = j - 7. Let z be k(5). List the prime factors of b*1*(0 - z).
2
Let a = 454 + -205. What are the prime factors of a?
3, 83
Let r(f) = 0*f + 14 - f + 2*f. Suppose h - 2 = 2*z, -4*h + 5*z + 0 = -5. What are the prime factors of r(h)?
2, 7
Suppose a - 4*h = 63, 5*h + 187 = 4*a + 2*h. Let n = 88 - a. Suppose 4*o + n = 5*y + o, 4*y - 3*o = 39. What are the prime factors of y?
2, 3
Let c(x) = x**2 - 14*x + 11. List the prime factors of c(14).
11
Let j(k) = 2*k**2 + 3 + k**3 + 0*k**2 + k**2 + 2*k**2 + k. Let g be j(-5). What are the prime factors of (g/4)/((-7)/266)?
19
Let p(m) = 2*m**3 + 29*m**2 - 1 - 29*m**2. What are the prime factors of p(2)?
3, 5
Let o(d) = -d**3 + 6*d**2 + 2*d - 2. Suppose -3*b - 1 = 38. Let q = -7 - b. What are the prime factors of o(q)?
2, 5
Let j = 11 + -8. Suppose a + j*a = 8. What are the prime factors of a?
2
Let g be 20/(-30)*(-3)/(-1). List the prime factors of 31 - g*(-6)/(-4).
2, 17
List the prime factors of (-1 - 1)*-2 - -79.
83
Suppose q - 2*f = -3*q - 8, q - 8 = -2*f. What are the prime factors of (q + 46)*(-1)/(-2)?
23
Let n(m) = m**2 - 6*m + 5. Let l be n(5). Suppose 5*k - 50 = 5*z, 2*k + z - 4 - 1 = l. Suppose 0 = -y + k + 11. What are the prime factors of y?
2
Let c(r) = 7*r + 2. Let g be c(4). Let j be (12/(-10))/((-9)/g). What are the prime factors of ((-11)/2)/((-2)/j)?
11
Suppose f = 3*f - 2. Suppose 0 = 2*g - 57 - f. What are the prime factors of g?
29
Suppose -6*p = -7*p + 9. What are the prime factors of p?
3
Let a(r) = 3 + r**3 + 7*r**2 + r - 2*r**2 + 3*r. Suppose -5*x + 1 = l, 2*l = -0*l + x - 9. List the prime factors of a(l).
3
Let l = -18 + 34. List the prime factors of l.
2
Let t(i) = -i**3 - 5*i**2 - 3*i - 7. Let b = -9 - -4. List the prime factors of t(b).
2
Let p = 28 + -14. What are the prime factors of p?
2, 7
Let t be (-2)/(-1 + 1/3). Suppose -2*q + 29 = 3*i, 3*q + 82 = t*i + 28. List the prime factors of i.
13
Suppose -590 = -8*h + 546. What are the prime factors of h?
2, 71
Suppose 2 = -v + 7. Let a(z) = 6*z**3 + z - 7. Let s(j) = 7*j**3 + j**2 + j - 8. Let h(p) = 6*a(p) - 5*s(p). What are the prime factors of h(v)?
3
Suppose -12 = -3*g + g. Suppose -2*h = -3*h + g. List the prime factors of h.
2, 3
Suppose 3*u - 6*u - 3 = 0, -5*a + 433 = 2*u. What are the prime factors of a?
3, 29
Let f(a) = 5*a + 38. List the prime factors of f(-4).
2, 3
Suppose 4*x + 260 = a, -x + 5*a - 84 = -0*x. Let k = x + 109. What are the prime factors of k?
3, 5
Let t(g) = -g**2 - 3*g + 4. Let x be t(-6). Let w = 24 + x. List the prime factors of w.
2, 5
Let j(z) = 8*z. Let r(v) = -9*v - 1. Suppose -4*c + 2*d = -2 - 8, 0 = 2*c - 5*d + 7. Let w(l) = c*j(l) + 3*r(l). List the prime factors of w(3).
2, 3
Suppose -4*v - 40 = -2*v + 4*z, -4*v - 45 = z. Let a be v/(-2) - (8 + -5). Suppose -a*q + 3*n = -6 - 19, 0 = -2*q + 4*n + 24. What are the prime factors of q?
2, 7
Suppose -i - 4*i = -70. Suppose 5 = -3*y + i. What are the prime factors of y?
3
Let u(w) = 3*w - 3. Let f be u(2). Suppose f*m - 1 = j - 5, -j - 4*m - 3 = 0. Let q = j + 2. What are the prime factors of q?
3
What are the prime factors of 2/(-5) - (-306)/15?
2, 5
Let v(m) be the second derivative of m**3/3 - 2*m**2 - 2*m. Let l(b) = 2*b - 3. Let h be l(4). List the prime factors of v(h).
2, 3
Suppose 5*j - j - 5*w = 224, -j - w = -56. What are the prime factors of j?
2, 7
Suppose 0 = -2*y - 2, -3*o - 17 = -5*y + 2. Let z = 26 - 12. Let q = o + z. List the prime factors of q.
2, 3
What are the prime factors of -2 + 7528/22 - 2/11?
2, 5, 17
Let h = 2 + -2. Suppose -5*m + m + 44 = h. List the prime factors of m.
11
Suppose -l + 15 = 3*z, -z + 2 - 10 = -4*l. Su